rs of 1616?
2, 101
What are the prime factors of 1007?
19, 53
List the prime factors of 2472.
2, 3, 103
List the prime factors of 539.
7, 11
List the prime factors of 29153.
29153
List the prime factors of 1057.
7, 151
List the prime factors of 9841.
13, 757
What are the prime factors of 70418?
2, 137, 257
What are the prime factors of 340?
2, 5, 17
List the prime factors of 4613.
7, 659
What are the prime factors of 1472?
2, 23
What are the prime factors of 272?
2, 17
List the prime factors of 9150.
2, 3, 5, 61
List the prime factors of 8686.
2, 43, 101
What are the prime factors of 658?
2, 7, 47
What are the prime factors of 1477?
7, 211
What are the prime factors of 8841?
3, 7, 421
List the prime factors of 358.
2, 179
List the prime factors of 208.
2, 13
List the prime factors of 1952.
2, 61
What are the prime factors of 597?
3, 199
What are the prime factors of 45279?
3, 13, 43
List the prime factors of 659.
659
What are the prime factors of 50431?
29, 37, 47
What are the prime factors of 56259?
3, 7, 19, 47
List the prime factors of 24371.
24371
What are the prime factors of 176957?
11, 16087
List the prime factors of 5354.
2, 2677
List the prime factors of 1491.
3, 7, 71
List the prime factors of 5109.
3, 13, 131
List the prime factors of 43721.
43721
List the prime factors of 9410.
2, 5, 941
What are the prime factors of 280?
2, 5, 7
What are the prime factors of 2289?
3, 7, 109
List the prime factors of 2220.
2, 3, 5, 37
What are the prime factors of 11850?
2, 3, 5, 79
List the prime factors of 392.
2, 7
List the prime factors of 10808.
2, 7, 193
List the prime factors of 1895.
5, 379
List the prime factors of 32892.
2, 3, 2741
What are the prime factors of 4169?
11, 379
List the prime factors of 18278.
2, 13, 19, 37
What are the prime factors of 85290?
2, 3, 5, 2843
List the prime factors of 2874.
2, 3, 479
What are the prime factors of 18226?
2, 13, 701
List the prime factors of 25.
5
What are the prime factors of 181?
181
What are the prime factors of 41186?
2, 20593
What are the prime factors of 1150?
2, 5, 23
List the prime factors of 20544.
2, 3, 107
What are the prime factors of 1713?
3, 571
List the prime factors of 62489.
7, 79, 113
What are the prime factors of 4260?
2, 3, 5, 71
What are the prime factors of 38516?
2, 9629
List the prime factors of 6298.
2, 47, 67
List the prime factors of 8561.
7, 1223
What are the prime factors of 1620?
2, 3, 5
What are the prime factors of 2094?
2, 3, 349
What are the prime factors of 89?
89
List the prime factors of 22772.
2, 5693
What are the prime factors of 1170?
2, 3, 5, 13
List the prime factors of 4619.
31, 149
List the prime factors of 20631.
3, 13, 23
List the prime factors of 20241.
3, 13, 173
List the prime factors of 1533.
3, 7, 73
What are the prime factors of 7673?
7673
What are the prime factors of 79904?
2, 11, 227
What are the prime factors of 4423?
4423
List the prime factors of 2214.
2, 3, 41
List the prime factors of 1168.
2, 73
List the prime factors of 4350.
2, 3, 5, 29
List the prime factors of 5604.
2, 3, 467
What are the prime factors of 5184?
2, 3
List the prime factors of 59990.
2, 5, 7, 857
List the prime factors of 1038.
2, 3, 173
What are the prime factors of 1342?
2, 11, 61
What are the prime factors of 50441?
50441
List the prime factors of 90979.
7, 41, 317
What are the prime factors of 31278?
2, 3, 13, 401
List the prime factors of 19667.
71, 277
List the prime factors of 18786.
2, 3, 31, 101
What are the prime factors of 1361?
1361
What are the prime factors of 22280?
2, 5, 557
What are the prime factors of 4211?
4211
What are the prime factors of 728?
2, 7, 13
List the prime factors of 773.
773
List the prime factors of 43219.
11, 3929
What are the prime factors of 1587?
3, 23
List the prime factors of 905.
5, 181
What are the prime factors of 107346?
2, 3, 17891
What are the prime factors of 17780?
2, 5, 7, 127
List the prime factors of 811.
811
What are the prime factors of 460?
2, 5, 23
What are the prime factors of 6133?
6133
List the prime factors of 270.
2, 3, 5
List the prime factors of 66973.
66973
What are the prime factors of 42379?
42379
List the prime factors of 59046.
2, 3, 13, 757
List the prime factors of 119363.
119363
What are the prime factors of 2910?
2, 3, 5, 97
What are the prime factors of 12971?
7, 17, 109
What are the prime factors of 5896?
2, 11, 67
What are the prime factors of 1386?
2, 3, 7, 11
What are the prime factors of 62771?
41, 1531
List the prime factors of 77109.
3, 25703
What are the prime factors of 5653?
5653
List the prime factors of 4436.
2, 1109
List the prime factors of 1052.
2, 263
What are the prime factors of 794?
2, 397
List the prime factors of 40168.
2, 5021
List the prime factors of 14.
2, 7
List the prime factors of 6866.
2, 3433
What are the prime factors of 1969?
11, 179
List the prime factors of 88141.
19, 4639
List the prime factors of 56958.
2, 3, 11, 863
List the prime factors of 13609.
31, 439
List the prime factors of 65921.
65921
List the prime factors of 3163.
3163
List the prime factors of 992.
2, 31
What are the prime factors of 749?
7, 107
List the prime factors of 3160.
2, 5, 79
What are the prime factors of 74768?
2, 4673
List the prime factors of 2.
2
What are the prime factors of 693?
3, 7, 11
List the prime factors of 263.
263
List the prime factors of 25578.
2, 3, 7, 29
List the prime factors of 65615.
5, 11, 1193
List the prime factors of 168340.
2, 5, 19, 443
List the prime factors of 4469.
41, 109
List the prime factors of 5934.
2, 3, 23, 43
What are the prime factors of 12044?
2, 3011
What are the prime factors of 723?
3, 241
List the prime factors of 2627.
37, 71
What are the prime factors of 978?
2, 3, 163
List the prime factors of 102910.
2, 5, 41, 251
What are the prime factors of 1219?
23, 53
What are the prime factors of 9796?
2, 31, 79
List the prime factors of 13211.
11, 1201
What are the prime factors of 16378?
2, 19, 431
List the prime factors of 2592.
2, 3
List the prime factors of 257.
257
List the prime factors of 455.
5, 7, 13
List the prime factors of 20704.
2, 647
List the prime factors of 5620.
2, 5, 281
List the prime factors of 682.
2, 11, 31
List the prime factors of 8144.
2, 509
List the prime factors of 18098.
2, 9049
List the prime factors of 1390.
2, 5, 139
What are the prime factors of 12788?
2, 23, 139
List the prime factors of 5818.
2, 2909
List the prime factors of 1689.
3, 563
What are the prime factors of 12854?
2, 6427
List the prime factors of 85280.
2, 5, 13, 41
List the prime factors of 727.
727
What are the prime factors of 5848?
2, 17, 43
What are the prime factors of 917?
7, 131
List the prime factors of 129454.
2, 13, 383
What are the prime factors of 4680?
2, 3, 5, 13
What are the prime factors of 12228?
2, 3, 1019
What are the prime factors of 3523?
13, 271
What are the prime factors of 13182?
2, 3, 13
What are the prime factors of 54949?
54949
List the prime factors of 554.
2, 277
List the prime factors of 2986.
2, 1493
List the prime factors of 1570.
2, 5, 157
What are the prime factors of 471?
3, 157
What are the prime factors of 11730?
2, 3, 5, 17, 23
What are the prime factors of 4530?
2, 3, 5, 151
What are the prime factors of 136?
2, 17
List the prime factors of 2263.
31, 73
What are the prime factors of 3160?
2, 5, 79
List the prime factors of 11833.
11833
What are the prime factors of 7210?
2, 5, 7, 103
List the prime factors of 829.
829
List the prime factors of 2331.
3, 7, 37
What are the prime factors of 351?
3, 13
List the prime factors of 41520.
2, 3, 5, 173
What are the prime factors of 3331?
3331
What are the prime factors of 50803?
101, 503
List the prime factors of 17.
17
List the prime factors of 134106.
2, 3, 7, 31, 103
What are the prime factors of 5210?
2, 5, 521
List the prime factors of 3288.
2, 3, 137
List the prime factors of 8097.
3, 2699
List the prime factors of 8016.
2, 3, 167
List the prime factors of 8900.
2, 5, 89
What are the prime factors of 6227?
13, 479
What are the prime factors of 10447?
31, 337
What are the prime factors of 4261?
4261
List the prime factors of 36574.
2, 18287
List the prime factors of 6955.
5, 13, 107
List the prime factors of 3490.
2, 5, 349
What are the prime factors of 16107?
3